66. What is the tens digit of d?
6
Let z(s) = 19*s - 6 + 4 + 0 - 2. Let v be z(1). Suppose 5*p = -v, -3*p + 8*p = 2*k - 249. What is the units digit of k?
7
Let d(i) = 6*i + 6. Let p be d(-1). Suppose 17*r - 8*r - 252 = p. What is the units digit of r?
8
Let g(o) be the first derivative of o**4/4 - 2*o**3/3 - 5*o**2/2 - 3*o + 6. Let i be g(4). What is the tens digit of (0 - i/15)*-145?
8
Let s(d) = 5*d**3 - 12*d**2 + 9*d - 30. What is the thousands digit of s(12)?
6
Let u be 29 - (-4)/((-16)/20). Suppose 0 = -u*p + 2322 + 6510. What is the tens digit of p?
6
Let x = 378 + 1474. What is the units digit of x?
2
Suppose -23352 + 4443 = -o - 3*w, -5*o + 94697 = -4*w. What is the ten thousands digit of o?
1
Let q = 32 + -5. Suppose -4*s - 49 = q. Let l(v) = -2*v + 11. What is the units digit of l(s)?
9
Let r = -5692 + 10147. What is the tens digit of r?
5
Let m be (0 + 4)/(-8 - -10). Suppose 2*y + 1 = 3*n - 5, -5*y - 8 = -4*n. Suppose y = m*a - 133 - 81. What is the units digit of a?
7
Suppose 95*a - 19*a = 1232796. What is the hundreds digit of a?
2
Let t = 45 - 8. Suppose -3*f + t = 100. What is the units digit of -17*((-14)/f)/((-4)/30)?
5
Let v = -226 - -476. Let y = v + 234. What is the tens digit of y?
8
Suppose 13*n = 18*n - 3*m - 973, 2*n - 4*m = 392. What is the units digit of n?
4
Let n = -4423 - -12696. Suppose -8*b - 2201 = -n. What is the tens digit of b?
5
Suppose -15 = 3*v - 0*v. Let j = -2022 - -3348. What is the tens digit of j/15 + (6/v)/3?
8
Suppose 37*t = -5*v + 32*t - 10, -2*v = -t - 11. Suppose g - 424 = 3*m, -v*m = -4*g - g + 2108. What is the hundreds digit of g?
4
Suppose -162600 = w - 41*w. What is the tens digit of w?
6
Suppose -2 = -2*f, 4*c + 3340 = -2*f - 3906. Let d = c + 2745. What is the units digit of d?
3
Suppose 5*i + 12*o + 47 = 13*o, 3*o - 41 = 5*i. What is the tens digit of ((-116)/(-10))/(i*8/(-3200))?
6
What is the tens digit of 48102 - ((-1728)/9)/(-24)?
9
Let d(k) = 23*k**3 - 23*k**2 - 49*k + 847. What is the ten thousands digit of d(13)?
4
Let h(k) = 10119*k + 5358. What is the thousands digit of h(7)?
6
Let l(c) = -c + 3 + 13 - 3*c**2 - 12 + 1 + 6*c**3. What is the units digit of l(3)?
7
Suppose 66165 + 64020 = 11*z. Suppose 14*b - z = -1041. What is the hundreds digit of b?
7
Suppose -3*n + 2*n = -6. Let m(r) = -6*r + 26. Let w be m(n). What is the units digit of w/15 - (-17)/3?
5
Let g(p) = p + 13. Let j = 31 - 27. Let c be g(j). Let q = -6 + c. What is the units digit of q?
1
What is the units digit of ((-5)/2)/(40/(-96)) - -5378*7?
2
Let x be (-44)/3*(-1377)/(-18). Let y = 2171 + x. What is the thousands digit of y?
1
Let a(s) = -s**3 - 204 + 66 + 62 - 8*s**2 - 4*s + 59. Let n be -3*3 - (-2 + 1). What is the units digit of a(n)?
5
Suppose 4*k - 4 = 8*k + 4*u, -4*k + 26 = -2*u. Suppose -k*w - 140 - 496 = 0. Let a = -95 - w. What is the tens digit of a?
6
Let l be 180/(-72)*(-12)/(-5). Let o(q) = 30*q**2 - 26*q + 18. What is the thousands digit of o(l)?
1
Suppose 0 = -4*h - g + 10, -2 = -5*h + 5*g - g. Suppose 0 = -2*b - h*b + 5*d - 209, -239 = 4*b + 5*d. What is the hundreds digit of (b/98 - 6/14) + 103?
1
Let y(x) = -x**2 + 9*x - 14. Let f be y(6). Suppose 0*z + 4*z = f*r + 688, 3*r + 866 = 5*z. What is the hundreds digit of z?
1
Let q(o) = 33 + 30 + 56*o + 101. What is the tens digit of q(6)?
0
Let n = 26 - 16. Suppose 14*t - 16 = n*t. Suppose 5*z + 180 = d, 9*z + 960 = 5*d + t*z. What is the tens digit of d?
9
Let x = 9817 - 3226. What is the tens digit of x?
9
Suppose -3631*z = -3609*z - 1320836. What is the tens digit of z?
3
What is the ten thousands digit of -39 - (-53146 + -3) - 10*1?
5
Let f = -30 - -25. Let h(p) = -2*p - 3. Let n be h(f). Suppose n*y = 11*y - 324. What is the units digit of y?
1
Let j = 24 - 21. Suppose 5*y + j - 8 = 0. What is the units digit of 11/((-11)/(-2)) - (-1 + y)?
2
Let w = -9 - -12. Let j = -374 + 956. Suppose w*k = 9*k - j. What is the units digit of k?
7
Suppose -5*t + 10*t + 24 = -4*u, u - 4*t - 15 = 0. Let c(h) = -298*h**3 - 3*h - 2. What is the units digit of c(u)?
9
Suppose -5*c - 65611 = -4*b, -73*b + 3*c = -68*b - 82030. What is the tens digit of b?
0
Let i be (0/(-8))/(-2) + 5. Suppose 0 = 4*b + 16, i*y - 3*b - 4039 = -2*b. What is the hundreds digit of y?
8
Suppose -51*q - 5*q = 2*q - 673148. What is the tens digit of q?
0
What is the hundreds digit of 74577 + (3 - (-25 + 42))?
5
Suppose -2022 = -4*v - 2*i + 2720, -i = -5*v + 5917. What is the hundreds digit of v?
1
Suppose 3*b + c - 2059 = 5*c, 0 = 3*b - c - 2065. Suppose 4*h + 470 = -2*j, -2*j + 2*h = -5*j - b. Let w = -140 - j. What is the tens digit of w?
8
Let z(t) = t**2 + 13*t - 16. Let s be z(-14). Suppose -w + u = -3*u, w - 5*u - 4 = 0. What is the tens digit of 72*(w/6)/s?
9
Let j(t) = t**2 + 71 - 20*t + 52 - 43. What is the hundreds digit of j(25)?
2
Let o = -2083 + 5344. What is the hundreds digit of o?
2
Let m = 185 + -197. Let w = 261 + m. What is the hundreds digit of w?
2
Let r(i) = 3*i + 9. Let f be r(-5). Suppose 206 = 5*a - 2*t, 3*a + 0*a - 4*t - 118 = 0. What is the tens digit of 7*4/a - 1070/f?
7
Let n = 47447 + -29652. What is the tens digit of n?
9
Suppose -2951712 = -94*o + 1872083 - 1323799. What is the units digit of o?
4
Let j be 3 - 32/12 - (-20)/(-6). Let v be (24 - -6) + 3/(j/2). Suppose -v*s + 501 = -25*s. What is the tens digit of s?
6
Let i(r) = -r**2 + 23*r + 11. Let k(j) = -8*j**2 + 59*j. Let t be k(7). What is the tens digit of i(t)?
5
Let o = -29 + -46. Let v be (o/(-50))/((-1)/206 - 0). Let l = v + 540. What is the hundreds digit of l?
2
Suppose 5*c + 125*b - 120*b = 24980, 0 = -5*c - 3*b + 24986. What is the hundreds digit of c?
9
Let c(x) be the second derivative of -x**4/12 + 7*x**3/6 + 17*x**2/2 + 18*x. Let y be c(9). What is the tens digit of 77 - y/((-1)/(-1))?
7
Suppose -649711 - 915138 = -45*h + 717776. What is the units digit of h?
5
Suppose 2*y - 2785 = t, -13*y + 11*y + 5*t = -2765. What is the units digit of y/(-25)*(-25)/5?
9
Let w(d) = d**2 + d - 48. Let g be w(17). Suppose -2*h + g = h. Let t = h - 84. What is the units digit of t?
2
What is the hundreds digit of (-825624)/(-30) + (-1 - 48/(-40))?
5
What is the tens digit of 15/(-2)*(-5244)/207?
9
Let v be 6/(-5 - -4)*77/(-66). What is the thousands digit of -5*(-1617)/v - -1?
1
Let c = 159 - 280. Let t = c + 52. Let v = -44 - t. What is the tens digit of v?
2
Suppose 0 = 4*y + 100 - 1368. Let w = y + -149. What is the units digit of w?
8
Let u(i) = 14*i**3 - 14*i**2 + 2*i + 15. Let l be u(-5). What is the thousands digit of 42/(-24)*-4 - l?
2
Suppose -2*c - 3*f = -12, 5*c - f - 11 = f. Suppose 4*q = -0*k + c*k + 3943, q = 2*k + 982. What is the tens digit of q?
8
What is the thousands digit of 1/((-5)/(-2))*(39739/14 + -16)?
1
What is the tens digit of 591/(-10)*(-24)/18*95/2?
4
Suppose 34900 - 46987 = -6*z + 94083. What is the hundreds digit of z?
6
Suppose 7*x - 16*x = -486. Suppose -x*r + 7787 = -41*r. What is the tens digit of r?
9
Suppose 3*v = -3*m + 39888, 10 = 4*m - 14. What is the ten thousands digit of v?
1
Suppose 3*u + t - 2864 = 5*t, 0 = 3*t + 6. Suppose -8*s + 2800 = -u. What is the units digit of s?
9
Let u(i) = -8*i - 16. Let o be (3/2)/((-1)/(-8)*-6). Let b be u(o). Suppose -p - 7*y + 9*y + 252 = b, 0 = 2*p - 3*y - 507. What is the hundreds digit of p?
2
Suppose 13*m + 4969 - 6779 - 17118 = 0. What is the units digit of m?
6
Suppose 5*o - 24 = -4*j + o, 5*o = 0. Suppose -j*u - 7*u = -52. Suppose -7*y + 2*y = u*r - 679, -y + 3*r + 151 = 0. What is the units digit of y?
9
Suppose 3*q - 80592 = 27*s - 31*s, 5*q = 3*s - 60415. What is the thousands digit of s?
0
Suppose 2*x = n + 2, 4*n - 14 = -5*x + 4. Suppose n*k - 2*z = 2*z + 418, 3*k = z + 632. Suppose 0 = 4*p - 265 - k. What is the units digit of p?
9
Suppose 5*m - 5*j = 35, 3*m + m = -5*j + 28. Let p(a) = -a**3 + 7*a**2 - a + 7. Let q be p(m). Suppose q = -n + 3 + 88. What is the tens digit of n?
9
Suppose 6690 - 35796 = 21*s. Let u = -751 - s. What is the hundreds digit of u?
6
Suppose -5*d - 12 = 3. Let x be ((-6)/(-1) + 3)*1 + d. Suppose 668 = x*s + 146. What is the tens digit of s?
8
Suppose -4*f = 4*d - 52, 2*f + 2*d - 3*d = 32. Suppose -f*v = -2501 - 2959. What is the tens digit of v?
6
Suppose -2*a + 39 = -47. Let m(q) =